{"id":1224,"date":"2018-08-30T14:46:18","date_gmt":"2018-08-30T17:46:18","guid":{"rendered":"https:\/\/enscarbo-cba.infd.edu.ar\/sitio\/historia\/"},"modified":"2024-08-28T16:17:51","modified_gmt":"2024-08-28T19:17:51","slug":"historia","status":"publish","type":"page","link":"https:\/\/enscarbo-cba.infd.edu.ar\/sitio\/historia\/","title":{"rendered":"Nuestra Historia"},"content":{"rendered":"\n<p class=\"has-normal-font-size\">La Escuela Normal Superior Dr. Alejandro Carb\u00f3, fue fundada en 1884.<\/p>\n\n\n\n<p class=\"has-normal-font-size\">El 2 de junio de 1884, con el comienzo de las clases, se hace realidad la fundaci\u00f3n de la Escuela Normal Nacional de Maestras. En 1887 Primera promoci\u00f3n: Srtas. Cristina Morcillo, Urbana Casas, Victoria Casas y Delfina Savio.<\/p>\n\n\n\n<p class=\"has-normal-font-size\">Esta labor fecunda; posibilitada por la idoneidad y el esp\u00edritu heroico de las primeras maestras, sell\u00f3 el afianzamiento de las ideas renovadoras y el nacimiento de generaci\u00f3n que sumar\u00edan su invalorable aporte a la cultura de C\u00f3rdoba y del pa\u00eds. La sociedad de C\u00f3rdoba ve triunfante en sus hijas, la obra de la Escuela Normal.<\/p>\n\n\n\n<p class=\"has-normal-font-size\">En cuanto a la construcci\u00f3n del edificio propio lentamente y en varias etapas se levantaron los muros, construcci\u00f3n que realiz\u00f3 la empresa Damond C\u00eda., entreg\u00e1ndose seg\u00fan el diario \u201cLos Principios\u201d de aquella fecha, constaba de 17 aulas, 2 salas de dibujo, 1 gabinete de f\u00edsica, 1 de historia&nbsp; natural, 1 de gimnasio, y 1 departamento destinado para la habitaci\u00f3n de la Direcci\u00f3n. Page asevera que el edificio \u201cocupo la totalidad de la manzana\u00bb convirti\u00e9ndose a su vez en el establecimiento de mayor superficie que se construy\u00f3 en este per\u00edodo en C\u00f3rdoba.<\/p>\n\n\n\n<p class=\"has-normal-font-size\">En 1913. Fue convertida en Escuela Normal de Profesores por Ley de Presupuesto 1913. La comisi\u00f3n de homenaje de aquella \u00e9poca, resuelve que la escuela debe llevar el nombre distintivo del doctor Alejandro Carb\u00f3. Educador y pol\u00edtico de fuerte personalidad y con permanente vocaci\u00f3n de servicio, quien hab\u00eda conducido como director los destinos de la instituci\u00f3n; as\u00ed es como el 25 de Junio de 1931 pas\u00f3 a llamarse ESCUELA NORMAL SUPERIOR DR. ALEJANDRO CARB\u00d3.<\/p>\n\n\n\n<ol start=\"1931\" class=\"has-normal-font-size\">\n<li>Se funda la Asociaci\u00f3n cooperadora, con la Presidencia del Dr. Manuel Parga. En ese mismos a\u00f1o el Dr.&nbsp; Hans Seckt diagrama un JARD\u00cdN BOT\u00c1NICO ESCOLAR, en el que se colocan numerosas especies vegetales.<\/li>\n\n\n\n<li>Se crea el Jard\u00edn de Infantes del Instituto.<\/li>\n\n\n\n<li>Coloca en la direcci\u00f3n los gabinetes de Mineralog\u00eda&nbsp; y Geolog\u00eda a una destacada especialista, la Dra. Josefa Giambastiani de Pel\u00e1ez. La se\u00f1ora Florentina B. de Carb\u00f3 dona la biblioteca de su extinto esposo a la escuela, con m\u00e1s de un millar de vol\u00famenes.<\/li>\n<\/ol>\n\n\n\n<p class=\"has-normal-font-size\">Corr\u00eda el tiempo y la cuidad argentina, cl\u00e1sicamente docta, se poblaba de prestigiosos maestros y profesores en ciencias o en letras egresados de la Escuela Normal Superior del Profesorado Alejandro Carb\u00f3. En 1953, se la habilita para crear los profesorados anexos en distintas modalidades y, desde entonces, la instituci\u00f3n alberg\u00f3, primero, a los profesorados de Castellano, Literatura y Lat\u00edn y de Matem\u00e1tica, F\u00edsica y Cosmograf\u00eda, incorporando posteriormente los de Geograf\u00eda y de Qu\u00edmica y Merceolog\u00eda.<\/p>\n\n\n\n<p class=\"has-normal-font-size\">En la actualidad la Escuela cuenta con cuatro niveles del sistema educativo, Nivel Inicial sala de cuatro y&nbsp; cinco a\u00f1os, Nivel Primario, Nivel Secundario con tres orientaciones: Ciencias Naturales, Ciencias Sociales, Lengua; Nivel Superior con los Profesorado de Educaci\u00f3n Primaria y Profesorado de Educaci\u00f3n Inicial; en formaci\u00f3n de Posgrado cuenta con Propuestas dictadas por ISEP.<\/p>\n\n\n\n<figure class=\"wp-block-gallery has-nested-images columns-default is-cropped wp-block-gallery-1 is-layout-flex\">\n<figure class=\"wp-block-image size-large\"><img decoding=\"async\" loading=\"lazy\" width=\"1900\" height=\"1425\" data-id=\"4356\"  src=\"https:\/\/enscarbo-cba.infd.edu.ar\/sitio\/wp-content\/uploads\/2022\/10\/9-Galeria-horizontal-1-1900x1425.jpg\" alt=\"\" class=\"wp-image-4356\" srcset=\"https:\/\/enscarbo-cba.infd.edu.ar\/sitio\/wp-content\/uploads\/2022\/10\/9-Galeria-horizontal-1-1900x1425.jpg 1900w, https:\/\/enscarbo-cba.infd.edu.ar\/sitio\/wp-content\/uploads\/2022\/10\/9-Galeria-horizontal-1-1000x750.jpg 1000w, https:\/\/enscarbo-cba.infd.edu.ar\/sitio\/wp-content\/uploads\/2022\/10\/9-Galeria-horizontal-1-768x576.jpg 768w, https:\/\/enscarbo-cba.infd.edu.ar\/sitio\/wp-content\/uploads\/2022\/10\/9-Galeria-horizontal-1-1536x1152.jpg 1536w, https:\/\/enscarbo-cba.infd.edu.ar\/sitio\/wp-content\/uploads\/2022\/10\/9-Galeria-horizontal-1-2048x1536.jpg 2048w\" sizes=\"(max-width: 1900px) 100vw, 1900px\" \/><\/figure>\n\n\n\n<figure class=\"wp-block-image size-large\"><img decoding=\"async\" loading=\"lazy\" width=\"1900\" height=\"1425\" data-id=\"4357\"  src=\"https:\/\/enscarbo-cba.infd.edu.ar\/sitio\/wp-content\/uploads\/2022\/10\/18-Arbol-del-patio-desde-arriba-1900x1425.jpg\" alt=\"\" class=\"wp-image-4357\" srcset=\"https:\/\/enscarbo-cba.infd.edu.ar\/sitio\/wp-content\/uploads\/2022\/10\/18-Arbol-del-patio-desde-arriba-1900x1425.jpg 1900w, https:\/\/enscarbo-cba.infd.edu.ar\/sitio\/wp-content\/uploads\/2022\/10\/18-Arbol-del-patio-desde-arriba-1000x750.jpg 1000w, https:\/\/enscarbo-cba.infd.edu.ar\/sitio\/wp-content\/uploads\/2022\/10\/18-Arbol-del-patio-desde-arriba-768x576.jpg 768w, https:\/\/enscarbo-cba.infd.edu.ar\/sitio\/wp-content\/uploads\/2022\/10\/18-Arbol-del-patio-desde-arriba-1536x1152.jpg 1536w, https:\/\/enscarbo-cba.infd.edu.ar\/sitio\/wp-content\/uploads\/2022\/10\/18-Arbol-del-patio-desde-arriba-2048x1536.jpg 2048w\" sizes=\"(max-width: 1900px) 100vw, 1900px\" \/><\/figure>\n<\/figure>\n","protected":false},"excerpt":{"rendered":"<p>La Escuela Normal Superior Dr. Alejandro Carb\u00f3, fue fundada en 1884. El 2 de junio de 1884, con el comienzo de las clases, se hace realidad la fundaci\u00f3n de la Escuela Normal Nacional de Maestras. En 1887 Primera promoci\u00f3n: Srtas. Cristina Morcillo, Urbana Casas, Victoria Casas y Delfina Savio. Esta labor fecunda; posibilitada por la &#8230; <a title=\"Nuestra Historia\" class=\"read-more\" href=\"https:\/\/enscarbo-cba.infd.edu.ar\/sitio\/historia\/\" aria-label=\"More on Nuestra Historia\">[+]<\/a><\/p>\n","protected":false},"author":7,"featured_media":0,"parent":0,"menu_order":0,"comment_status":"closed","ping_status":"closed","template":"","meta":[],"acf":[],"_links":{"self":[{"href":"https:\/\/enscarbo-cba.infd.edu.ar\/sitio\/wp-json\/wp\/v2\/pages\/1224"}],"collection":[{"href":"https:\/\/enscarbo-cba.infd.edu.ar\/sitio\/wp-json\/wp\/v2\/pages"}],"about":[{"href":"https:\/\/enscarbo-cba.infd.edu.ar\/sitio\/wp-json\/wp\/v2\/types\/page"}],"author":[{"embeddable":true,"href":"https:\/\/enscarbo-cba.infd.edu.ar\/sitio\/wp-json\/wp\/v2\/users\/7"}],"replies":[{"embeddable":true,"href":"https:\/\/enscarbo-cba.infd.edu.ar\/sitio\/wp-json\/wp\/v2\/comments?post=1224"}],"version-history":[{"count":8,"href":"https:\/\/enscarbo-cba.infd.edu.ar\/sitio\/wp-json\/wp\/v2\/pages\/1224\/revisions"}],"predecessor-version":[{"id":6058,"href":"https:\/\/enscarbo-cba.infd.edu.ar\/sitio\/wp-json\/wp\/v2\/pages\/1224\/revisions\/6058"}],"wp:attachment":[{"href":"https:\/\/enscarbo-cba.infd.edu.ar\/sitio\/wp-json\/wp\/v2\/media?parent=1224"}],"curies":[{"name":"wp","href":"https:\/\/api.w.org\/{rel}","templated":true}]}}

<p class="has-normal-font-size">La Escuela Normal Superior Dr. Alejandro Carbó, fue fundada en 1884.</p>



<p class="has-normal-font-size">El 2 de junio de 1884, con el comienzo de las clases, se hace realidad la fundación de la Escuela Normal Nacional de Maestras. En 1887 Primera promoción: Srtas. Cristina Morcillo, Urbana Casas, Victoria Casas y Delfina Savio.</p>



<p class="has-normal-font-size">Esta labor fecunda; posibilitada por la idoneidad y el espíritu heroico de las primeras maestras, selló el afianzamiento de las ideas renovadoras y el nacimiento de generación que sumarían su invalorable aporte a la cultura de Córdoba y del país. La sociedad de Córdoba ve triunfante en sus hijas, la obra de la Escuela Normal.</p>



<p class="has-normal-font-size">En cuanto a la construcción del edificio propio lentamente y en varias etapas se levantaron los muros, construcción que realizó la empresa Damond Cía., entregándose según el diario “Los Principios” de aquella fecha, constaba de 17 aulas, 2 salas de dibujo, 1 gabinete de física, 1 de historia&nbsp; natural, 1 de gimnasio, y 1 departamento destinado para la habitación de la Dirección. Page asevera que el edificio “ocupo la totalidad de la manzana» convirtiéndose a su vez en el establecimiento de mayor superficie que se construyó en este período en Córdoba.</p>



<p class="has-normal-font-size">En 1913. Fue convertida en Escuela Normal de Profesores por Ley de Presupuesto 1913. La comisión de homenaje de aquella época, resuelve que la escuela debe llevar el nombre distintivo del doctor Alejandro Carbó. Educador y político de fuerte personalidad y con permanente vocación de servicio, quien había conducido como director los destinos de la institución; así es como el 25 de Junio de 1931 pasó a llamarse ESCUELA NORMAL SUPERIOR DR. ALEJANDRO CARBÓ.</p>



<ol start="1931" class="has-normal-font-size">
<li>Se funda la Asociación cooperadora, con la Presidencia del Dr. Manuel Parga. En ese mismos año el Dr.&nbsp; Hans Seckt diagrama un JARDÍN BOTÁNICO ESCOLAR, en el que se colocan numerosas especies vegetales.</li>



<li>Se crea el Jardín de Infantes del Instituto.</li>



<li>Coloca en la dirección los gabinetes de Mineralogía&nbsp; y Geología a una destacada especialista, la Dra. Josefa Giambastiani de Peláez. La señora Florentina B. de Carbó dona la biblioteca de su extinto esposo a la escuela, con más de un millar de volúmenes.</li>
</ol>



<p class="has-normal-font-size">Corría el tiempo y la cuidad argentina, clásicamente docta, se poblaba de prestigiosos maestros y profesores en ciencias o en letras egresados de la Escuela Normal Superior del Profesorado Alejandro Carbó. En 1953, se la habilita para crear los profesorados anexos en distintas modalidades y, desde entonces, la institución albergó, primero, a los profesorados de Castellano, Literatura y Latín y de Matemática, Física y Cosmografía, incorporando posteriormente los de Geografía y de Química y Merceología.</p>



<p class="has-normal-font-size">En la actualidad la Escuela cuenta con cuatro niveles del sistema educativo, Nivel Inicial sala de cuatro y&nbsp; cinco años, Nivel Primario, Nivel Secundario con tres orientaciones: Ciencias Naturales, Ciencias Sociales, Lengua; Nivel Superior con los Profesorado de Educación Primaria y Profesorado de Educación Inicial; en formación de Posgrado cuenta con Propuestas dictadas por ISEP.</p>



<figure class="wp-block-gallery has-nested-images columns-default is-cropped wp-block-gallery-1 is-layout-flex">
<figure class="wp-block-image size-large"><img decoding="async" loading="lazy" width="1900" height="1425" data-id="4356"  src="https://enscarbo-cba.infd.edu.ar/sitio/wp-content/uploads/2022/10/9-Galeria-horizontal-1-1900x1425.jpg" alt="" class="wp-image-4356" srcset="https://enscarbo-cba.infd.edu.ar/sitio/wp-content/uploads/2022/10/9-Galeria-horizontal-1-1900x1425.jpg 1900w, https://enscarbo-cba.infd.edu.ar/sitio/wp-content/uploads/2022/10/9-Galeria-horizontal-1-1000x750.jpg 1000w, https://enscarbo-cba.infd.edu.ar/sitio/wp-content/uploads/2022/10/9-Galeria-horizontal-1-768x576.jpg 768w, https://enscarbo-cba.infd.edu.ar/sitio/wp-content/uploads/2022/10/9-Galeria-horizontal-1-1536x1152.jpg 1536w, https://enscarbo-cba.infd.edu.ar/sitio/wp-content/uploads/2022/10/9-Galeria-horizontal-1-2048x1536.jpg 2048w" sizes="(max-width: 1900px) 100vw, 1900px" /></figure>



<figure class="wp-block-image size-large"><img decoding="async" loading="lazy" width="1900" height="1425" data-id="4357"  src="https://enscarbo-cba.infd.edu.ar/sitio/wp-content/uploads/2022/10/18-Arbol-del-patio-desde-arriba-1900x1425.jpg" alt="" class="wp-image-4357" srcset="https://enscarbo-cba.infd.edu.ar/sitio/wp-content/uploads/2022/10/18-Arbol-del-patio-desde-arriba-1900x1425.jpg 1900w, https://enscarbo-cba.infd.edu.ar/sitio/wp-content/uploads/2022/10/18-Arbol-del-patio-desde-arriba-1000x750.jpg 1000w, https://enscarbo-cba.infd.edu.ar/sitio/wp-content/uploads/2022/10/18-Arbol-del-patio-desde-arriba-768x576.jpg 768w, https://enscarbo-cba.infd.edu.ar/sitio/wp-content/uploads/2022/10/18-Arbol-del-patio-desde-arriba-1536x1152.jpg 1536w, https://enscarbo-cba.infd.edu.ar/sitio/wp-content/uploads/2022/10/18-Arbol-del-patio-desde-arriba-2048x1536.jpg 2048w" sizes="(max-width: 1900px) 100vw, 1900px" /></figure>
</figure>

<p>La Escuela Normal Superior Dr. Alejandro Carbó, fue fundada en 1884. El 2 de junio de 1884, con el comienzo de las clases, se hace realidad la fundación de la Escuela Normal Nacional de Maestras. En 1887 Primera promoción: Srtas. Cristina Morcillo, Urbana Casas, Victoria Casas y Delfina Savio. Esta labor fecunda; posibilitada por la &#8230; <a title="Nuestra Historia" class="read-more" href="https://enscarbo-cba.infd.edu.ar/sitio/historia/" aria-label="More on Nuestra Historia">[+]</a></p>
