{"id":2332,"date":"2020-08-13T11:44:52","date_gmt":"2020-08-13T14:44:52","guid":{"rendered":"https:\/\/enscarbo-cba.infd.edu.ar\/sitio\/?page_id=2332"},"modified":"2024-12-03T00:12:02","modified_gmt":"2024-12-03T03:12:02","slug":"examenes-nivel-secundario","status":"publish","type":"page","link":"https:\/\/enscarbo-cba.infd.edu.ar\/sitio\/examenes-nivel-secundario\/","title":{"rendered":"Programas de Nivel Secundario"},"content":{"rendered":"\n<hr class=\"wp-block-separator has-alpha-channel-opacity\"\/>\n\n\n\n<h6 class=\"wp-block-heading\"><\/h6>\n\n\n\n<p><\/p>\n\n\n\n<p><strong>Programas Actualizados 2023 <\/strong><\/p>\n\n\n\n<p><strong><a href=\"https:\/\/drive.google.com\/drive\/folders\/1enowgnB-D77HORN0HZSxsuQI2UjLj01r?usp=sharing\" target=\"_blank\" rel=\"noreferrer noopener\">PROGRAMAS ARTES VISUALES-M\u00daSICA-TEATRO 2023<\/a><\/strong><\/p>\n\n\n\n<p><strong><a href=\"https:\/\/drive.google.com\/drive\/folders\/1bMHpp-Y5Ff2bPbmAzUGXPkWeXu979ZRq?usp=sharing\" target=\"_blank\" rel=\"noreferrer noopener\">PROGRAMAS CS. SOCIALES 2023<\/a><\/strong><\/p>\n\n\n\n<p><strong><a href=\"https:\/\/drive.google.com\/drive\/folders\/11sk5Kt7fP7w9h7MNOBQlfwdehw68Q1lW?usp=sharing\" target=\"_blank\" rel=\"noreferrer noopener\">PROGRAMAS EDUC. F\u00cdSICA 2023<\/a><\/strong><\/p>\n\n\n\n<p><a href=\"https:\/\/drive.google.com\/drive\/folders\/1vcT7H3x0coKWvGNmT9G73DwJuWVOVFdW?usp=sharing\" target=\"_blank\" rel=\"noreferrer noopener\"><strong>PROGRAMAS GEOGRAF\u00cdA 2023<\/strong><\/a><\/p>\n\n\n\n<p><a href=\"https:\/\/drive.google.com\/drive\/folders\/1UEp_SYcIffuxIUcGnHj2VwNyZfIUOy-e?usp=sharing\"><strong>PROGRAMAS HISTORIA 2023<\/strong><\/a><\/p>\n\n\n\n<p><a href=\"https:\/\/drive.google.com\/open?id=1PQX6q6poW1q_U8xsakgn3rP-69k4fRjx&amp;usp=drive_copy\" target=\"_blank\" rel=\"noreferrer noopener\"><strong>PROGRAMAS INGL\u00c9S-FRANC\u00c9S-ITALIANO-EOI 2023<\/strong><\/a><\/p>\n\n\n\n<p><a href=\"https:\/\/drive.google.com\/drive\/folders\/1X77Notsh3B0PP_tgia3EGmZavqhnmh_k?usp=sharing\" target=\"_blank\" rel=\"noreferrer noopener\"><strong>PROGRAMAS LENGUA Y LITERATURA 2023<\/strong><\/a><\/p>\n\n\n\n<p><a rel=\"noreferrer noopener\" href=\"https:\/\/drive.google.com\/drive\/folders\/1FaJvLJTsQkDjhdh27hzWcmuD6o8nnPct?usp=sharing\" target=\"_blank\"><strong>PROGRAMAS MATEM\u00c1TICA 2023<\/strong><\/a><\/p>\n\n\n\n<p><strong><a href=\"https:\/\/drive.google.com\/drive\/folders\/1FR8aCu9zf3QwgOOs9zjsNmZQAPNWoDk8?usp=sharing\" target=\"_blank\" rel=\"noreferrer noopener\">PROGRAMAS TECNOLOG\u00cdA 2023<\/a><\/strong><\/p>\n\n\n\n<p><strong><a href=\"https:\/\/drive.google.com\/drive\/folders\/1Wdfuo3KyYYE_sdOVdVn3SzDPe6tyQsZs?usp=drive_link\" target=\"_blank\" rel=\"noreferrer noopener\">PROGRAMAS CIENCIAS NATURALES (F\u00cdSICA-QU\u00cdMICA-BIOLOG\u00cdA, ETC)<\/a><\/strong><\/p>\n\n\n\n<p><\/p>\n\n\n\n<p><\/p>\n\n\n\n<p class=\"has-text-align-left\"><\/p>\n","protected":false},"excerpt":{"rendered":"<p>Programas Actualizados 2023 PROGRAMAS ARTES VISUALES-M\u00daSICA-TEATRO 2023 PROGRAMAS CS. SOCIALES 2023 PROGRAMAS EDUC. F\u00cdSICA 2023 PROGRAMAS GEOGRAF\u00cdA 2023 PROGRAMAS HISTORIA 2023 PROGRAMAS INGL\u00c9S-FRANC\u00c9S-ITALIANO-EOI 2023 PROGRAMAS LENGUA Y LITERATURA 2023 PROGRAMAS MATEM\u00c1TICA 2023 PROGRAMAS TECNOLOG\u00cdA 2023 PROGRAMAS CIENCIAS NATURALES (F\u00cdSICA-QU\u00cdMICA-BIOLOG\u00cdA, ETC)<\/p>\n","protected":false},"author":7,"featured_media":0,"parent":0,"menu_order":0,"comment_status":"closed","ping_status":"closed","template":"","meta":[],"acf":[],"_links":{"self":[{"href":"https:\/\/enscarbo-cba.infd.edu.ar\/sitio\/wp-json\/wp\/v2\/pages\/2332"}],"collection":[{"href":"https:\/\/enscarbo-cba.infd.edu.ar\/sitio\/wp-json\/wp\/v2\/pages"}],"about":[{"href":"https:\/\/enscarbo-cba.infd.edu.ar\/sitio\/wp-json\/wp\/v2\/types\/page"}],"author":[{"embeddable":true,"href":"https:\/\/enscarbo-cba.infd.edu.ar\/sitio\/wp-json\/wp\/v2\/users\/7"}],"replies":[{"embeddable":true,"href":"https:\/\/enscarbo-cba.infd.edu.ar\/sitio\/wp-json\/wp\/v2\/comments?post=2332"}],"version-history":[{"count":112,"href":"https:\/\/enscarbo-cba.infd.edu.ar\/sitio\/wp-json\/wp\/v2\/pages\/2332\/revisions"}],"predecessor-version":[{"id":6476,"href":"https:\/\/enscarbo-cba.infd.edu.ar\/sitio\/wp-json\/wp\/v2\/pages\/2332\/revisions\/6476"}],"wp:attachment":[{"href":"https:\/\/enscarbo-cba.infd.edu.ar\/sitio\/wp-json\/wp\/v2\/media?parent=2332"}],"curies":[{"name":"wp","href":"https:\/\/api.w.org\/{rel}","templated":true}]}}