{"id":2594,"date":"2021-02-26T08:07:43","date_gmt":"2021-02-26T11:07:43","guid":{"rendered":"https:\/\/enscarbo-cba.infd.edu.ar\/sitio\/?page_id=2594"},"modified":"2025-08-23T19:31:39","modified_gmt":"2025-08-23T22:31:39","slug":"suscripcion-al-boletin-de-noticias-2","status":"publish","type":"page","link":"https:\/\/enscarbo-cba.infd.edu.ar\/sitio\/suscripcion-al-boletin-de-noticias-2\/","title":{"rendered":"Noticias Institucionales"},"content":{"rendered":"\n<figure class=\"wp-block-embed is-type-video is-provider-youtube wp-block-embed-youtube wp-embed-aspect-16-9 wp-has-aspect-ratio\"><div class=\"wp-block-embed__wrapper\">\n<iframe loading=\"lazy\" title=\"Invitaci\u00f3n 57 Feria Ciencia, Arte, Tecnolog\u00eda, Movimiento e Innovaci\u00f3n\" width=\"1200\" height=\"675\" src=\"https:\/\/www.youtube.com\/embed\/VtDTwVKYAF0?feature=oembed\" frameborder=\"0\" allow=\"accelerometer; autoplay; clipboard-write; encrypted-media; gyroscope; picture-in-picture; web-share\" referrerpolicy=\"strict-origin-when-cross-origin\" allowfullscreen><\/iframe>\n<\/div><figcaption class=\"wp-element-caption\"><br>Video institucional de la Escuela Normal Superior Doctor Alejandro Carb\u00f3. Invitaci\u00f3n 57 Feria de Ciencia, Arte, Tecnolog\u00eda, Movimiento e Innovaci\u00f3n. \u00abAlberto Maiztegui. \u201cUna oportunidad para seguir haciendo y transformando C\u00f3rdoba\u201d <br><br>Nuestros cuatro niveles durante la jornada del jueves 28 de agosto compartir\u00e1n sus experiencias. <br>La feria de ciencias, constituye una instancia de producci\u00f3n e intercambio de experiencias, aprendizajes y saberes que se realiza a\u00f1o a a\u00f1o, instal\u00e1ndose como un espacio did\u00e1ctico-pedag\u00f3gico que tiene por objetivo fomentar el esp\u00edritu cr\u00edtico y la curiosidad en ni\u00f1as, ni\u00f1os, j\u00f3venes y adultos, docentes y la comunidad, en general. Es una iniciativa que contempla la presentaci\u00f3n y socializaci\u00f3n de los trabajos de investigaci\u00f3n escolar que se desarrollan en cada aula, bajo premisas de desaf\u00edos diversos: de aprendizaje, de comunicaci\u00f3n, sociales, culturales, entre otros, y tambi\u00e9n de trabajos acerca de la ense\u00f1anza y los aprendizajes de diferentes t\u00f3picos escolares, incluso sobre la formaci\u00f3n docente. <br>Un agradecimiento especial al Prof. L\u00e1zaro Jos\u00e9 Luis, quien comparti\u00f3 su filmaci\u00f3n para esta invitaci\u00f3n.<br><br><br><br><br><\/figcaption><\/figure>\n\n\n\n<p><strong>Formulario de Inscripci\u00f3n al Bolet\u00edn de Noticias: <\/strong><span class=\"has-inline-color has-vivid-cyan-blue-color\"><a href=\"https:\/\/docs.google.com\/forms\/d\/e\/1FAIpQLSfaj1AGpP1zX08meEhBq8uYLr_pWqnNSMHiKijCZehDhPMBVQ\/viewform\">Clic aqu\u00ed.<\/a><\/span><\/p>\n","protected":false},"excerpt":{"rendered":"<p>Formulario de Inscripci\u00f3n al Bolet\u00edn de Noticias: Clic aqu\u00ed.<\/p>\n","protected":false},"author":7,"featured_media":0,"parent":0,"menu_order":0,"comment_status":"closed","ping_status":"closed","template":"","meta":[],"acf":[],"_links":{"self":[{"href":"https:\/\/enscarbo-cba.infd.edu.ar\/sitio\/wp-json\/wp\/v2\/pages\/2594"}],"collection":[{"href":"https:\/\/enscarbo-cba.infd.edu.ar\/sitio\/wp-json\/wp\/v2\/pages"}],"about":[{"href":"https:\/\/enscarbo-cba.infd.edu.ar\/sitio\/wp-json\/wp\/v2\/types\/page"}],"author":[{"embeddable":true,"href":"https:\/\/enscarbo-cba.infd.edu.ar\/sitio\/wp-json\/wp\/v2\/users\/7"}],"replies":[{"embeddable":true,"href":"https:\/\/enscarbo-cba.infd.edu.ar\/sitio\/wp-json\/wp\/v2\/comments?post=2594"}],"version-history":[{"count":4,"href":"https:\/\/enscarbo-cba.infd.edu.ar\/sitio\/wp-json\/wp\/v2\/pages\/2594\/revisions"}],"predecessor-version":[{"id":6582,"href":"https:\/\/enscarbo-cba.infd.edu.ar\/sitio\/wp-json\/wp\/v2\/pages\/2594\/revisions\/6582"}],"wp:attachment":[{"href":"https:\/\/enscarbo-cba.infd.edu.ar\/sitio\/wp-json\/wp\/v2\/media?parent=2594"}],"curies":[{"name":"wp","href":"https:\/\/api.w.org\/{rel}","templated":true}]}}

<figure class="wp-block-embed is-type-video is-provider-youtube wp-block-embed-youtube wp-embed-aspect-16-9 wp-has-aspect-ratio"><div class="wp-block-embed__wrapper">
<iframe loading="lazy" title="Invitación 57 Feria Ciencia, Arte, Tecnología, Movimiento e Innovación" width="1200" height="675" src="https://www.youtube.com/embed/VtDTwVKYAF0?feature=oembed" frameborder="0" allow="accelerometer; autoplay; clipboard-write; encrypted-media; gyroscope; picture-in-picture; web-share" referrerpolicy="strict-origin-when-cross-origin" allowfullscreen></iframe>
</div><figcaption class="wp-element-caption"><br>Video institucional de la Escuela Normal Superior Doctor Alejandro Carbó. Invitación 57 Feria de Ciencia, Arte, Tecnología, Movimiento e Innovación. «Alberto Maiztegui. “Una oportunidad para seguir haciendo y transformando Córdoba” <br><br>Nuestros cuatro niveles durante la jornada del jueves 28 de agosto compartirán sus experiencias. <br>La feria de ciencias, constituye una instancia de producción e intercambio de experiencias, aprendizajes y saberes que se realiza año a año, instalándose como un espacio didáctico-pedagógico que tiene por objetivo fomentar el espíritu crítico y la curiosidad en niñas, niños, jóvenes y adultos, docentes y la comunidad, en general. Es una iniciativa que contempla la presentación y socialización de los trabajos de investigación escolar que se desarrollan en cada aula, bajo premisas de desafíos diversos: de aprendizaje, de comunicación, sociales, culturales, entre otros, y también de trabajos acerca de la enseñanza y los aprendizajes de diferentes tópicos escolares, incluso sobre la formación docente. <br>Un agradecimiento especial al Prof. Lázaro José Luis, quien compartió su filmación para esta invitación.<br><br><br><br><br></figcaption></figure>



<p><strong>Formulario de Inscripción al Boletín de Noticias: </strong><span class="has-inline-color has-vivid-cyan-blue-color"><a href="https://docs.google.com/forms/d/e/1FAIpQLSfaj1AGpP1zX08meEhBq8uYLr_pWqnNSMHiKijCZehDhPMBVQ/viewform">Clic aquí.</a></span></p>

<p>Formulario de Inscripción al Boletín de Noticias: Clic aquí.</p>
