{"id":5540,"date":"2024-11-15T16:03:00","date_gmt":"2024-11-15T19:03:00","guid":{"rendered":"https:\/\/enscarbo-cba.infd.edu.ar\/sitio\/?page_id=5540"},"modified":"2025-11-26T21:49:04","modified_gmt":"2025-11-27T00:49:04","slug":"nivel-superior-abierta-la-preinscripcion-a-carreras-para-el-ciclo-lectivo-2025","status":"publish","type":"page","link":"https:\/\/enscarbo-cba.infd.edu.ar\/sitio\/nivel-superior-abierta-la-preinscripcion-a-carreras-para-el-ciclo-lectivo-2025\/","title":{"rendered":"Informaci\u00f3n para INGRESANTES a Carreras del Ciclo Lectivo 2026"},"content":{"rendered":"\n<p class=\"has-text-align-center\"><a href=\"https:\/\/dges-cba.edu.ar\/wp\/index.php\/preinscripciones-a-carreras-2026\/\"><strong>DGES<\/strong><\/a><\/p>\n\n\n\n<figure class=\"wp-block-video\"><video controls src=\"https:\/\/dges-cba.edu.ar\/bd_dges\/recursos\/materiales\/video_preinscripciones2025.mp4\"><\/video><\/figure>\n\n\n\n<p><strong><mark style=\"background-color:var(--base-2)\" class=\"has-inline-color has-contrast-color\"> <\/mark>Apurate con la preinscripci\u00f3n s\u00f3lo tenemos 225 lugares entre los dos profesorados<\/strong>.<\/p>\n\n\n\n<hr class=\"wp-block-separator has-alpha-channel-opacity\"\/>\n\n\n<p>EL TR\u00c1MITE ES PERSONAL O CON LA AUTORIZACI\u00d3N PERTINENTE A LA PERSONA QUE SE ENV\u00cdE<\/p>\n<p><strong>A partir del pr\u00f3ximo martes 02 de diciembre al 12 de diciembre (en un primer momento), se realizar\u00e1 la MATRICULACI\u00d3N DEFINITIVA; los horarios ser\u00e1n los siguientes:&nbsp;<\/strong><\/p>\n<p><strong>Cooperadora para abonar el Bono Contribuci\u00f3n en estos d\u00edas<\/strong> <strong>y horarios.<\/strong><\/p>\n<p><img decoding=\"async\" loading=\"lazy\" class=\"wp-image-6607 aligncenter\" src=\"https:\/\/enscarbo-cba.infd.edu.ar\/sitio\/wp-content\/uploads\/2025\/11\/horarios-diciembre-707x1000.png\" alt=\"\" width=\"303\" height=\"430\" srcset=\"https:\/\/enscarbo-cba.infd.edu.ar\/sitio\/wp-content\/uploads\/2025\/11\/horarios-diciembre-707x1000.png 707w, https:\/\/enscarbo-cba.infd.edu.ar\/sitio\/wp-content\/uploads\/2025\/11\/horarios-diciembre-1343x1900.png 1343w, https:\/\/enscarbo-cba.infd.edu.ar\/sitio\/wp-content\/uploads\/2025\/11\/horarios-diciembre-1086x1536.png 1086w, https:\/\/enscarbo-cba.infd.edu.ar\/sitio\/wp-content\/uploads\/2025\/11\/horarios-diciembre.png 1414w\" sizes=\"(max-width: 303px) 100vw, 303px\" \/><\/p>\n<p><strong>Acompa\u00f1ar\u00e1n<\/strong> <strong>en \u00e9ste proceso, dos personas referentes de Nivel Superior. Las mismas estar\u00e1n en sus respectivos horarios en la Sala de profesores de Nivel Superior de la Escuela, ingresando por Av. Col\u00f3n.<\/strong><\/p>\n<p><strong>Turno ma\u00f1ana y turno tarde la Sra. preceptora prof. Andrea Avenda\u00f1o de 09hs a 11hs TM. De 15hs a 17hs TT.<\/strong><\/p>\n<p><strong>Turno Vespertino, de 18hs a 20hs&nbsp; la sra. Ayudante T\u00e9cnico prof. Prof. Virginia.<\/strong><\/p>\n<p style=\"text-align: center;\"><em><strong>La matriculaci\u00f3n es s\u00f3lo para aquellos estudiantes que realizaron la preincripci\u00f3n v\u00eda CiDi.<\/strong><\/em><\/p>\n<p><\/p>\n\n\n<h2 class=\"wp-block-heading has-text-align-center\">&#x1f449;DOCUMENTACI\u00d3N A PRESENTAR:<strong>&#x1f447;<\/strong><\/h2>\n\n\n\n<p>*<strong>Comprobante de haber realizado la preinscripci\u00f3n v\u00eda cidi.<\/strong><\/p>\n\n\n\n<p><strong>*Copia de D.N.I. de ambos lados<\/strong><\/p>\n\n\n\n<p><strong>*Copia de partida de nacimiento<\/strong><\/p>\n\n\n\n<p><strong>*Copia de anal\u00edtico, o certificado de estudios en tr\u00e1mites o de alumno regular 2025<\/strong><\/p>\n\n\n\n<p><strong>*En cooperadora podr\u00e1n abonar cuota social y adquirir la carpeta de legajo que contiene la ficha de matriculaci\u00f3n, m\u00e1s la libreta.<\/strong><\/p>\n\n\n\n<hr class=\"wp-block-separator has-alpha-channel-opacity\"\/>\n\n\n\n<h2 class=\"wp-block-heading\"><strong>IMPORTANTE<\/strong> <\/h2>\n\n\n\n<p>*<strong>En Cooperadora se abona:<\/strong><\/p>\n\n\n\n<p>#L<strong>a CUOTA SOCIAL, en un pago de $ 42.000<\/strong><\/p>\n\n\n\n<p>#<strong>El formulario de inscripci\u00f3n seg\u00fan la carrera a la que se matricula, y la carpeta de legajo, se adquieren en la cooperadora<\/strong> <strong>$10.000<\/strong><\/p>\n\n\n\n<p><strong>#Tambi\u00e9n se puede comprar la libreta de estudiante de nivel superior a $40.000<\/strong><\/p>\n\n\n\n<p><strong><em>O pagar todo junto con un DESCUENTO DEL 25%:<\/em> cuota social + carpeta y ficha de inscripci\u00f3n + libreta; adquiriendo todo junto $69.000<\/strong><\/p>\n\n\n\n<p><\/p>\n\n\n\n<p><\/p>\n\n\n\n<p><strong>IMPORTANTE:<\/strong> <strong>Si por alg\u00fan motivo, no se pueden acercar a la escuela a realizar la matr\u00edculaci\u00f3n definitiva en estas dos semanas<\/strong>, <strong>la prodr\u00e1s realizar en el mes de febrero, del 23\/02\/26 al 27\/02\/26<\/strong><\/p>\n\n\n\n<p><strong>*PARA PODER CURSAR EL SEMINARIO DE INGRESO EN EL MES DE MARZO, DEB\u00c9S HABER REALIZADO PREVIAMENTE EL PROCESO DE MATRICULACI\u00d3N DEFINITIVA.<\/strong><\/p>\n\n\n\n<p><strong>LOS, LAS ESPERAMOS. <\/strong><\/p>\n","protected":false},"excerpt":{"rendered":"<p>DGES Apurate con la preinscripci\u00f3n s\u00f3lo tenemos 225 lugares entre los dos profesorados. EL TR\u00c1MITE ES PERSONAL O CON LA AUTORIZACI\u00d3N PERTINENTE A LA PERSONA QUE SE ENV\u00cdE A partir del pr\u00f3ximo martes 02 de diciembre al 12 de diciembre (en un primer momento), se realizar\u00e1 la MATRICULACI\u00d3N DEFINITIVA; los horarios ser\u00e1n los siguientes:&nbsp; Cooperadora &#8230; <a title=\"Informaci\u00f3n para INGRESANTES a Carreras del Ciclo Lectivo 2026\" class=\"read-more\" href=\"https:\/\/enscarbo-cba.infd.edu.ar\/sitio\/nivel-superior-abierta-la-preinscripcion-a-carreras-para-el-ciclo-lectivo-2025\/\" aria-label=\"More on Informaci\u00f3n para INGRESANTES a Carreras del Ciclo Lectivo 2026\">[+]<\/a><\/p>\n","protected":false},"author":7,"featured_media":0,"parent":0,"menu_order":0,"comment_status":"closed","ping_status":"closed","template":"","meta":[],"acf":[],"_links":{"self":[{"href":"https:\/\/enscarbo-cba.infd.edu.ar\/sitio\/wp-json\/wp\/v2\/pages\/5540"}],"collection":[{"href":"https:\/\/enscarbo-cba.infd.edu.ar\/sitio\/wp-json\/wp\/v2\/pages"}],"about":[{"href":"https:\/\/enscarbo-cba.infd.edu.ar\/sitio\/wp-json\/wp\/v2\/types\/page"}],"author":[{"embeddable":true,"href":"https:\/\/enscarbo-cba.infd.edu.ar\/sitio\/wp-json\/wp\/v2\/users\/7"}],"replies":[{"embeddable":true,"href":"https:\/\/enscarbo-cba.infd.edu.ar\/sitio\/wp-json\/wp\/v2\/comments?post=5540"}],"version-history":[{"count":30,"href":"https:\/\/enscarbo-cba.infd.edu.ar\/sitio\/wp-json\/wp\/v2\/pages\/5540\/revisions"}],"predecessor-version":[{"id":6627,"href":"https:\/\/enscarbo-cba.infd.edu.ar\/sitio\/wp-json\/wp\/v2\/pages\/5540\/revisions\/6627"}],"wp:attachment":[{"href":"https:\/\/enscarbo-cba.infd.edu.ar\/sitio\/wp-json\/wp\/v2\/media?parent=5540"}],"curies":[{"name":"wp","href":"https:\/\/api.w.org\/{rel}","templated":true}]}}

Información para INGRESANTES a Carreras del Ciclo Lectivo 2026

<p class="has-text-align-center"><a href="https://dges-cba.edu.ar/wp/index.php/preinscripciones-a-carreras-2026/"><strong>DGES</strong></a></p>



<figure class="wp-block-video"><video controls src="https://dges-cba.edu.ar/bd_dges/recursos/materiales/video_preinscripciones2025.mp4"></video></figure>



<p><strong><mark style="background-color:var(--base-2)" class="has-inline-color has-contrast-color"> </mark>Apurate con la preinscripción sólo tenemos 225 lugares entre los dos profesorados</strong>.</p>



<hr class="wp-block-separator has-alpha-channel-opacity"/>


<p>EL TRÁMITE ES PERSONAL O CON LA AUTORIZACIÓN PERTINENTE A LA PERSONA QUE SE ENVÍE</p>
<p><strong>A partir del próximo martes 02 de diciembre al 12 de diciembre (en un primer momento), se realizará la MATRICULACIÓN DEFINITIVA; los horarios serán los siguientes:&nbsp;</strong></p>
<p><strong>Cooperadora para abonar el Bono Contribución en estos días</strong> <strong>y horarios.</strong></p>
<p><img decoding="async" loading="lazy" class="wp-image-6607 aligncenter" src="https://enscarbo-cba.infd.edu.ar/sitio/wp-content/uploads/2025/11/horarios-diciembre-707x1000.png" alt="" width="303" height="430" srcset="https://enscarbo-cba.infd.edu.ar/sitio/wp-content/uploads/2025/11/horarios-diciembre-707x1000.png 707w, https://enscarbo-cba.infd.edu.ar/sitio/wp-content/uploads/2025/11/horarios-diciembre-1343x1900.png 1343w, https://enscarbo-cba.infd.edu.ar/sitio/wp-content/uploads/2025/11/horarios-diciembre-1086x1536.png 1086w, https://enscarbo-cba.infd.edu.ar/sitio/wp-content/uploads/2025/11/horarios-diciembre.png 1414w" sizes="(max-width: 303px) 100vw, 303px" /></p>
<p><strong>Acompañarán</strong> <strong>en éste proceso, dos personas referentes de Nivel Superior. Las mismas estarán en sus respectivos horarios en la Sala de profesores de Nivel Superior de la Escuela, ingresando por Av. Colón.</strong></p>
<p><strong>Turno mañana y turno tarde la Sra. preceptora prof. Andrea Avendaño de 09hs a 11hs TM. De 15hs a 17hs TT.</strong></p>
<p><strong>Turno Vespertino, de 18hs a 20hs&nbsp; la sra. Ayudante Técnico prof. Prof. Virginia.</strong></p>
<p style="text-align: center;"><em><strong>La matriculación es sólo para aquellos estudiantes que realizaron la preincripción vía CiDi.</strong></em></p>
<p></p>


<h2 class="wp-block-heading has-text-align-center">&#x1f449;DOCUMENTACIÓN A PRESENTAR:<strong>&#x1f447;</strong></h2>



<p>*<strong>Comprobante de haber realizado la preinscripción vía cidi.</strong></p>



<p><strong>*Copia de D.N.I. de ambos lados</strong></p>



<p><strong>*Copia de partida de nacimiento</strong></p>



<p><strong>*Copia de analítico, o certificado de estudios en trámites o de alumno regular 2025</strong></p>



<p><strong>*En cooperadora podrán abonar cuota social y adquirir la carpeta de legajo que contiene la ficha de matriculación, más la libreta.</strong></p>



<hr class="wp-block-separator has-alpha-channel-opacity"/>



<h2 class="wp-block-heading"><strong>IMPORTANTE</strong> </h2>



<p>*<strong>En Cooperadora se abona:</strong></p>



<p>#L<strong>a CUOTA SOCIAL, en un pago de $ 42.000</strong></p>



<p>#<strong>El formulario de inscripción según la carrera a la que se matricula, y la carpeta de legajo, se adquieren en la cooperadora</strong> <strong>$10.000</strong></p>



<p><strong>#También se puede comprar la libreta de estudiante de nivel superior a $40.000</strong></p>



<p><strong><em>O pagar todo junto con un DESCUENTO DEL 25%:</em> cuota social + carpeta y ficha de inscripción + libreta; adquiriendo todo junto $69.000</strong></p>



<p></p>



<p></p>



<p><strong>IMPORTANTE:</strong> <strong>Si por algún motivo, no se pueden acercar a la escuela a realizar la matrículación definitiva en estas dos semanas</strong>, <strong>la prodrás realizar en el mes de febrero, del 23/02/26 al 27/02/26</strong></p>



<p><strong>*PARA PODER CURSAR EL SEMINARIO DE INGRESO EN EL MES DE MARZO, DEBÉS HABER REALIZADO PREVIAMENTE EL PROCESO DE MATRICULACIÓN DEFINITIVA.</strong></p>



<p><strong>LOS, LAS ESPERAMOS. </strong></p>

<p>DGES Apurate con la preinscripción sólo tenemos 225 lugares entre los dos profesorados. EL TRÁMITE ES PERSONAL O CON LA AUTORIZACIÓN PERTINENTE A LA PERSONA QUE SE ENVÍE A partir del próximo martes 02 de diciembre al 12 de diciembre (en un primer momento), se realizará la MATRICULACIÓN DEFINITIVA; los horarios serán los siguientes:&nbsp; Cooperadora &#8230; <a title="Información para INGRESANTES a Carreras del Ciclo Lectivo 2026" class="read-more" href="https://enscarbo-cba.infd.edu.ar/sitio/nivel-superior-abierta-la-preinscripcion-a-carreras-para-el-ciclo-lectivo-2025/" aria-label="More on Información para INGRESANTES a Carreras del Ciclo Lectivo 2026">[+]</a></p>
